370582
What is -1424c6b (base 13) in base 12?
-2178174
1331242423 (base 5) to base 16
33a331
Convert 1220012210 (base 3) to base 11.
26061
What is 7d4e (base 16) in base 3?
1122000002
What is -8d039d (base 15) in base 6?
-400155404
What is -13ac9 (base 14) in base 8?
-137221
-84b4 (base 12) to base 11
-aa15
-4ad7b2 (base 15) to base 6
-204533235
-1111111110001100110111 (base 2) to base 10
-4186935
What is 1010010100000 (base 3) in base 16?
90c18
What is 851853 (base 9) in base 13?
14979c
Convert -134130040 (base 5) to base 13.
-1b329a
Convert -3047156 (base 8) to base 15.
-10de75
What is 55a21 (base 14) in base 5?
23122124
Convert 132518 (base 11) to base 10.
208260
-263311 (base 8) to base 9
-148884
What is -8b7c5 (base 14) in base 9?
-566080
-1010011110001101110100 (base 2) to base 6
-134501140
What is -4908a3 (base 14) in base 15?
-345586
What is -1002000202012 (base 3) in base 16?
-8b7d8
Convert -100012212221 (base 3) to base 2.
-101100010010111110
Convert -1435535 (base 6) to base 4.
-110033303
Convert 7d21e (base 16) to base 4.
1331020132
1334228 (base 10) to base 12
544158
1c66b5 (base 14) to base 16
f8327
What is -49c70 (base 13) in base 2?
-100001001111001000
What is 26674 (base 13) in base 16?
116f5
Convert -2173579 (base 11) to base 2.
-1110100010100000010000
Convert 165267 (base 8) to base 10.
60087
1ad319 (base 16) to base 8
6551431
-4cb3df (base 16) to base 15
-69463d
edbfc (base 16) to base 14
1b4c68
What is 549a (base 14) in base 5?
432030
What is 2002140 (base 6) in base 14?
26284
Convert 1001001000011001101011 (base 2) to base 11.
1395478
2338de (base 16) to base 9
4307367
Convert 1310 (base 16) to base 5.
124010
220001100 (base 3) to base 8
42174
Convert -365329 (base 12) to base 11.
-551196
3544001 (base 8) to base 3
1211012210222
What is -13152433 (base 7) in base 16?
-1267c0
Convert -111267 (base 10) to base 8.
-331243
What is 10100111110111011010 (base 2) in base 7?
5562413
-912da (base 15) to base 7
-3623050
-aa3769 (base 12) to base 16
-293a81
3b63b (base 13) to base 3
12122010221
What is -1525406 (base 8) in base 15?
-89733
81a2b (base 15) to base 2
1100100010000101010
Convert 1001110101101101011111 (base 2) to base 15.
35e380
What is -1343133443 (base 5) in base 2?
-1101010100000001010001
Convert 63181 (base 15) to base 12.
131a11
What is b9d62 (base 15) in base 12?
24570b
Convert 6455054 (base 8) to base 13.
486109
What is 703855 (base 9) in base 5?
101304403
Convert 181961 (base 10) to base 11.
11478a
What is -40033344 (base 5) in base 7?
-2450633
What is -1436847 (base 11) in base 10?
-2468693
Convert -70047 (base 11) to base 8.
-310212
1112022221 (base 4) to base 3
122221010202
What is -1231420 (base 6) in base 15?
-14a63
Convert -7b284 (base 14) to base 4.
-1021021110
2450680 (base 10) to base 3
11121111200221
Convert 9670c (base 15) to base 2.
1110100100100010110
Convert 1255862 (base 9) to base 15.
d86e8
What is -11001200122001 (base 3) in base 12?
-881531
What is 1000001111101110100010 (base 2) in base 14?
403a5c
526451 (base 12) to base 14
25a76d
731867 (base 10) to base 2
10110010101011011011
Convert f0866 (base 16) to base 15.
146d95
What is -20103144 (base 5) in base 9?
-263174
What is 54ee0 (base 15) in base 7?
2203062
-375485 (base 13) to base 2
-101000011101000001000
Convert 2005334 (base 6) to base 4.
113010322
Convert -150bf (base 16) to base 13.
-30314
What is 100011111111011110010 (base 2) in base 12?
48a616
Convert 30373 (base 13) to base 11.
59910
-124769 (base 12) to base 5
-34021210
-376b45 (base 14) to base 13
-5173ba
-1420370 (base 8) to base 7
-3262003
Convert -101034510 (base 6) to base 12.
-6b5a36
Convert 422775 (base 8) to base 3.
21011010201
Convert -112010121021112 (base 3) to base 16.
-729c32
What is 7137b (base 13) in base 14?
53c4d
What is -70383 (base 11) in base 12?
-4b6a5
Convert 372426 (base 8) to base 5.
13101103
Convert -4337717 (base 10) to base 9.
-8141205
Convert -4b3807 (base 12) to base 16.
-12c3c7
What is -6c0aa (base 13) in base 5?
-22312440
What is -120131230 (base 4) in base 13?
-367c0
-14513515 (base 10) to base 7
-234235312
724451 (base 14) to base 6
214331543
What is -60d0 (base 16) in base 15?
-7524
709c (base 14) to base 6
225322
What is 1352430 (base 6) in base 9?
126630
What is -111001001001011011011 (base 2) in base 9?
-3463650
Convert -640424 (base 8) to base 10.
-213268
32200201 (base 5) to base 10
271926
Convert 2232042333 (base 5) to base 2.
10010111001111101000000
Convert -115895 (base 12) to base 11.
-180a77
What is 132523 (base 7) in base 9?
37211
Convert -34c1c (base 16) to base 7.
-1560002
What is 130601 (base 7) in base 3?
1020100012
What is -15b287 (base 12) in base 5?
-43400121
Convert -9b733 (base 12) to base 10.
-206679
Convert 21443031 (base 5) to base 7.
1406652
-112203033 (base 4) to base 8
-264317
8515719 (base 10) to base 5
4140000334
-100001010100110100110 (base 2) to base 16
-10a9a6
What is 33222002 (base 4) in base 6?
1212522
What is -16b6a5 (base 16) in base 5?
-340113144
1155228 (base 9) to base 16
991b8
What is -2804245 (base 11) in base 5?
-2214242040
-842783 (base 10) to base 4
-3031300133
Convert 8444402 (base 9) to base 16.
44ed5a
Convert 256430 (base 7) to base 11.
32a90
Convert -531551 (base 6) to base 12.
-20bb7
What is 732525 (base 9) in base 7?
3460652
Convert d68cb7 (base 15) to base 7.
152513431
83ee85 (base 16) to base 5
4203140102
1ed6d (base 15) to base 9
163364
39a853 (base 11) to base 10
629258
What is -87a0a (base 16) in base 3?
-1001020001012
What is 13422 (base 13) in base 8?
106020
-1c5ecb (base 16) to base 13
-501382
-11021100011 (base 3) to base 6
-1445134
-156743 (base 13) to base 8
-2010206
Convert -4707a3 (base 14) to base 10.
-2421723
Convert -15384 (base 10) to base 2.
-11110000011000
a36487 (base 13) to base 10
3812582
-1132000020 (base 4) to base 14
-a0464
What is 348228 (base 9) in base 8?
631003
-53521671 (base 8) to base 2
-101011101010001110111001
-491252 (base 10) to base 13
-1427a8
-6bc17 (base 13) to base 5
-22310311
Convert -6466440 (base 7) to base 6.
-24532310
What is 1122002002001 (base 3) in base 15?
1220ca
305015 (base 7) to base 15
106b8
-20430044 (base 6) to base 11
-376a51
-1004044 (base 8) to base 4
-1000200210
What is -1215051 (base 6) in base 14?
-19795
-110223442 (base 5) to base 4
-1310121023
53e44 (base 16) to base 12
146a30
Convert 10240210 (base 5) to base 12.
42382
Convert 6175001 (base 8) to base 5.
404334430
What is -10b31a7 (base 12) in base 15?
-438e0a
What is -b945 (base 12) in base 13?
-935c
What is -3201221002 (base 4) in base 13?
-2648a4
What is 22099 (base 12) in base 14?
125b7
Convert a434 (base 14) to base 10.
28270
-1b080 (base 15) to base 3
-11110112110
-6754606 (base 8) to base 14
-357206
Convert 8156634 (base 10) to base 3.
120100101210120
What is -ac2793 (base 14) in base 11?
-3333397
Convert 1002012200212 (base 3) to base 5.
121344321
1233030 (base 6) to base 2
10000010011001010
What is -3b7151 (base 13) in base 2?
-101100000011101010000
Convert -19b13 (base 13) to base 6.
-1024241
Convert -18429 (base 13) to base 16.
-b700
What is -36aa667 (base 11) in base 2?
-11000100100101000100100
1232710 (base 9) to base 11
419363
What is 23658 (base 12) in base 8?
134744
Convert 140010110 (base 6) to base 12.
b30936
23887 (base 16) to base 7
1144216
What is -23505061 (base 7) in base 11?
-11a5126
Convert 618ad2 (base 15) to base 16.
46bea2
Convert -102212211212 (base 3) to base 11.
-14a804
-44a69a (base 11) to base 13
-1c1412
-230403 (base 7) to base 16
-a038
-33651 (base 16) to base 12
-a19a9
What is -4411458 (base 9) in base 3?
-11110101111222
What is -497316 (base 10) in base 16?
-796a4
What is -a65525 (base 14) in base 10?
-5623469
123597 (base 10) to base 11
84951
Convert -34100404 (base 6) to base 9.
-1845774
Convert 31b37 (base 14) to base 9.
202782
1020044 (base 6) to base 13
19576
Convert 413b1 (base 13) to base 6.
2302032
Convert 124805 (base 11) to base 13.
6b665
-13550174 (base 10) to base 14
-1b2a178
4214262 (base 7) to base 16
7c0dd
What is -44255525 (base 6) in base 4?
-11010220031
Convert -7753 (base 15) to base 10.
-25278
What is -31c530 (base 16) in base 6?
-153524400
-10343441331 (base 5) to base 10
-11312091
Convert -20212220110 (base 3) to base 16.
-2